= -1 - -35. List the prime factors of b.
2, 17
Let g(j) = -j**2 + 12*j. Let r = -12 + 18. What are the prime factors of g(r)?
2, 3
Let i be (-10)/(-35) - (-2)/(-7). List the prime factors of i - 9*(2 + -3).
3
Let f(s) = -s - 10. Let n be f(-10). Suppose -1 = r - n*r. List the prime factors of r/2*(-8 + 2).
3
Let g = 5 + -15. Let i(l) = -l**2 - 12*l - 3. What are the prime factors of i(g)?
17
Let g be -36*1*2/3. List the prime factors of (-2)/2 - -1 - g.
2, 3
Let y = -14 - -18. List the prime factors of -6 + (8 - y) - -18.
2
Let p(z) = -17*z**2 + 2*z + 1. Let q be p(-1). Let w = q + 31. Let b = 2 + w. What are the prime factors of b?
3, 5
Let o = 2 - 2. Let z(a) = a + 4. Let c be z(-4). Suppose o*l - 3*l + 15 = c. What are the prime factors of l?
5
Let k(n) = n**2 + 4*n + 3. Let d be k(-3). List the prime factors of (d - -3)/((-2)/(-10)).
3, 5
Let n be ((-3)/2)/((-6)/(-8)). Let u(a) = -a**3 + a. Let f(l) = 2*l**3 - 3*l. Let q(m) = -f(m) - u(m). What are the prime factors of q(n)?
2
Suppose -9*n + 4*n = -210. What are the prime factors of n?
2, 3, 7
Let j(t) = -31*t**2 + 9*t + 2. Let b(l) = 15*l**2 - 5*l - 1. Let y(c) = -11*b(c) - 6*j(c). List the prime factors of y(1).
3, 7
Suppose 0 = -v - 3*r + 14, v + 5 = 4*r - 2. Suppose 5*k = v*d + 70, 0*d + 16 = k + d. What are the prime factors of k?
3, 5
Let y = 86 + -48. Let w = y + -26. List the prime factors of w.
2, 3
Let f(k) = 3 - 2 - 3 - 4*k. What are the prime factors of f(-3)?
2, 5
Let h(d) = -d**2 + 16*d - 17. List the prime factors of h(7).
2, 23
Let i = -803 - -1179. List the prime factors of i.
2, 47
Suppose -3*k + 2*k + 36 = 0. Let n = k + -22. What are the prime factors of n?
2, 7
Suppose 0 = 4*a - 0*a - 264. Suppose -4*k - 3*d + a = -6*d, 0 = -2*k + 5*d + 26. What are the prime factors of k?
2, 3
Let l(z) = -z**3 - z**2 - z + 3. Let i be l(-4). Let b be -3 + 2 + 3 - -2. Suppose 0 = -5*u + 2*f + i, -b*f + 0*f = 3*u - 7. List the prime factors of u.
3
Let i = -1 - -3. Let a be ((-1)/(-3))/((-1)/(-51)). Suppose d + i*d - a = -z, -5*z - 35 = -5*d. What are the prime factors of d?
2, 3
Let h = -56 + 79. List the prime factors of h.
23
Let p = 191 + 27. What are the prime factors of p?
2, 109
Let m(n) = 5*n - 6. Suppose -5 = -3*k - 5*d + 35, 2*d = 2*k. What are the prime factors of m(k)?
19
Let n = 29 + -21. List the prime factors of n.
2
Suppose -5*b = -5*q - 2*b + 74, 3*b - 17 = -2*q. Let n = q + -8. Suppose -5*o - 2*k = 3*k, 5*o = n*k + 50. List the prime factors of o.
5
Suppose 3*k - 40 = -5*j, -j = -4 - 1. Suppose k*w = -5*q + 30, -w + 0*w = -1. List the prime factors of q.
5
Suppose 32 = w + 2*u, -u - 3 + 124 = 4*w. Suppose 2*l + l - w = 4*z, 4*z = 5*l - 42. What are the prime factors of l?
2, 3
Suppose -n + 4*n = -3*r + 6, 8 = 2*n. What are the prime factors of r + (-4)/(12/(-45))?
13
Suppose -2*z + 5 + 63 = f, -2*f - z + 124 = 0. What are the prime factors of f?
2, 3, 5
Let w be -6*(-3)/(-6) + 6. Suppose u - 208 = -5*s, -2*s - 132 = -5*s + w*u. What are the prime factors of s?
2, 3, 7
Suppose -5*z = -0*z - 3*m - 941, -184 = -z + 2*m. Suppose 0*t - 5*t + 114 = 2*f, -3*f + 2*t + z = 0. Suppose -f = -4*r - 14. What are the prime factors of r?
2, 3
Suppose o - 1056 = -5*o. List the prime factors of o.
2, 11
Let n = -4 - 0. List the prime factors of 20/3*(-6)/n.
2, 5
Let l(i) be the first derivative of i**2 + 7*i + 1. Let u be l(-8). Let h(m) = m**2 + 8*m + 2. What are the prime factors of h(u)?
11
Let c be (-3)/((-6)/(-4) - 2). Suppose -c*u = -2*u - 12. Suppose -4*w = 5*i, w - u = -3*i - 10. List the prime factors of w.
5
Suppose -5*b + 6 = 1. Let r = -3 + b. What are the prime factors of 0/2 - 16/r?
2
What are the prime factors of 123/3*-3*2/(-6)?
41
Suppose 3*u + 2*s = -s + 3, -4*u + 3*s + 32 = 0. List the prime factors of u.
5
Suppose 0 = -5*r + 26 + 49. Let x = r - 13. What are the prime factors of x?
2
Suppose -v + 0 = -4. Suppose 3*b + 26 + v = 0. Let d = 14 + b. What are the prime factors of d?
2
What are the prime factors of 24 - (2/4)/((-2)/(-8))?
2, 11
Let g = -77 + 115. List the prime factors of g.
2, 19
Let j(s) = -s**3 + 8*s**2 + 5*s - 1. Let x be j(8). Suppose t + 0*t = -2*i + x, -3*i = -t - 61. List the prime factors of i.
2, 5
Let f(n) be the first derivative of n**4/4 + 7*n**3/3 - n**2/2 + 3*n - 1. Suppose 2*m = -3*w - 14 + 3, 34 = -5*m - w. What are the prime factors of f(m)?
2, 5
List the prime factors of (-128)/(-6) + (-26)/(-39).
2, 11
Let w be (5 + -3)/((-2)/(-3)). Let z be 19*1 - (w - 4). Suppose -4*g + 2*u = -40, -2*u + 10 = 3*g - z. What are the prime factors of g?
2, 5
Let m(k) = -4*k - 4*k**2 - 3*k**2 + 6*k**2 - 3*k. Let l be m(-7). Suppose l = 7*p - 3*p - 32. What are the prime factors of p?
2
Suppose 231 = 9*g - 525. What are the prime factors of g?
2, 3, 7
Let k be 21/28 + 31/(-4). Let x = k - -1. What are the prime factors of -1 + 8 - (-12)/x?
5
Let f be (0/(-2))/(3 - 1). Suppose f = 3*a + 2*a + 110. What are the prime factors of 4/(-10) - a/5?
2
Let k = -2 + -10. Let g = -10 - k. What are the prime factors of g?
2
Let q be (-6)/4 - 3/(-2). Suppose q = 4*v - v - 9. Suppose -5*r + v*r = -14. What are the prime factors of r?
7
Let w = -161 - -249. List the prime factors of w.
2, 11
Let n be -2 - (-3 + 480/(-4)). Suppose -3 - n = -4*q. List the prime factors of q.
31
Let n = 10 - 1. Let b(f) = f**2 - 1. Let r(p) = -p**3 + 14*p**2 + 10*p - 7. Let s(t) = -6*b(t) + r(t). What are the prime factors of s(n)?
2
Let q = 100 - 51. What are the prime factors of q?
7
Suppose i - 4*i + 54 = 0. List the prime factors of 1*i/3 - -3.
3
Let y(c) = 5*c + 1. Let a be y(3). Let f be ((-10)/5 + 8)/(6/(-4)). Let i = f + a. What are the prime factors of i?
2, 3
Suppose 0 = o - 17 - 16. List the prime factors of o.
3, 11
Let k(n) = -24*n - 4. List the prime factors of k(-4).
2, 23
Suppose -16 + 68 = s. Suppose -8*r = -3*r - 5*i - 40, -s = -5*r - i. What are the prime factors of r?
2, 5
Suppose 0*s + 1656 = -2*s. What are the prime factors of s/(-30) - (-2)/5?
2, 7
Let v(w) = -24*w + 1 - 1 + 8. Let a be v(8). What are the prime factors of a/(-20) + (-2)/10?
3
Let c(v) = 50*v**2 - 7*v - 5. List the prime factors of c(-2).
11, 19
Let m = 21 - 11. Suppose 0 = 3*w + l - 14, -5*w - l + 2*l = -m. Let y = w - -7. List the prime factors of y.
2, 5
Let g be ((-4)/(-12))/((-3)/(-18)). Suppose -g = -2*a + 32. List the prime factors of a.
17
Let c(a) = -4*a - 6. Let y be c(-3). Suppose -y*o + 17 = -5*o. What are the prime factors of o?
17
Suppose -4*l - l = 15. Let z = l - -8. What are the prime factors of 1*z/((-3)/(-3))?
5
Suppose 5*d = 4*d + 2. Suppose 4*k - 66 = b, -d*k - 2*b = -k - 21. List the prime factors of k.
17
Suppose -2*s - 3*s = -145. What are the prime factors of s?
29
Let v be 1*-8*1/(-2). Suppose -32 = -0*h - v*h. What are the prime factors of (-18)/(-8)*h/3?
2, 3
Let t = 4 + -1. Suppose -t*h - 2*b = -167, 3*h = -h - 5*b + 225. Suppose h = 5*r + d, 5*r - 2*d = 2*r + 46. List the prime factors of r.
2, 3
What are the prime factors of (3 - 2)/(((-20)/596)/(-5))?
149
Let h(z) = 2*z + 8. List the prime factors of h(15).
2, 19
Let d(s) be the second derivative of -s**4/12 - s**3/6 + 41*s**2/2 + 3*s. Let l be d(0). Suppose 5*n = 15, 0*v + 5*n = -2*v + l. List the prime factors of v.
13
Suppose 6*w + 146 = 7*w. What are the prime factors of w?
2, 73
Let n(v) = v**3 + 0 + v - 2*v**2 - 3 + 0*v. Let o be n(4). Let u = 47 - o. What are the prime factors of u?
2, 7
Let l = -82 + 111. What are the prime factors of l?
29
Let p = 6 - 10. Let t be ((-30)/12)/(2/p). List the prime factors of (-2)/t + 84/10.
2
Suppose -2*y = -3*y. Suppose 0 = 3*l - 9 - y. Let d = -1 + l. What are the prime factors of d?
2
Let k(l) = l**3 + 2*l**2 + 1. Suppose -2*u + 3 = -1. What are the prime factors of k(u)?
17
Suppose 0 = -i - 5*k + 21 + 53, 16 = 4*k. Suppose 3*v - i = -2*d, -d + 27 = 6*v - 9*v. List the prime factors of d.
3
Let r be (-25)/10*(-4 - 0). Let b = -6 + r. Suppose -2*i + b*i - 14 = 0. What are the prime factors of i?
7
Let n = -10 + 18. Let h(f) = -f**3 + 7*f**2 + 11*f + 1. List the prime factors of h(n).
5
Let q = -81 + 153. What are the prime factors of q?
2, 3
Suppose -2*n - 5*x = -0*x - 42, -2*x + 52 = 4*n. List the prime factors of n.
11
Suppose -4*q - 20 = -68. Let s = -7 + q. List the pr